{"id":1373,"date":"2016-01-15T09:48:03","date_gmt":"2016-01-15T08:48:03","guid":{"rendered":"http:\/\/www.jvp-krizevci.hr\/?page_id=1373"},"modified":"2016-02-11T08:25:28","modified_gmt":"2016-02-11T07:25:28","slug":"nabava-2016-godiine","status":"publish","type":"page","link":"https:\/\/www.jvp-krizevci.hr\/?page_id=1373","title":{"rendered":"Nabava 2016. godiine"},"content":{"rendered":"<p><a href=\"https:\/\/www.jvp-krizevci.hr\/wp-content\/uploads\/2016\/02\/Zaklju\u010dak-o-utvr\u0111ivanju-Plana-nabave-za-2016.-godinu.doc\">Zaklju\u010dak o utvr\u0111ivanju Plana nabave za 2016. godinu<\/a><\/p>\n<p><a href=\"https:\/\/www.jvp-krizevci.hr\/wp-content\/uploads\/2016\/02\/Plan-nabave-za-2016..xls\">Plan nabave za 2016.<\/a><\/p>\n<p><a href=\"https:\/\/www.jvp-krizevci.hr\/wp-content\/uploads\/2016\/02\/Obveze-iz-\u010dlanka-13.doc\">Obveze iz \u010dlanka 13<\/a><\/p>\n","protected":false},"excerpt":{"rendered":"<p>Zaklju\u010dak o utvr\u0111ivanju Plana nabave za 2016. godinu Plan nabave za 2016. Obveze iz \u010dlanka 13<\/p>\n","protected":false},"author":1,"featured_media":0,"parent":0,"menu_order":0,"comment_status":"closed","ping_status":"closed","template":"","meta":{"ngg_post_thumbnail":0,"footnotes":""},"class_list":["post-1373","page","type-page","status-publish","hentry"],"_links":{"self":[{"href":"https:\/\/www.jvp-krizevci.hr\/index.php?rest_route=\/wp\/v2\/pages\/1373","targetHints":{"allow":["GET"]}}],"collection":[{"href":"https:\/\/www.jvp-krizevci.hr\/index.php?rest_route=\/wp\/v2\/pages"}],"about":[{"href":"https:\/\/www.jvp-krizevci.hr\/index.php?rest_route=\/wp\/v2\/types\/page"}],"author":[{"embeddable":true,"href":"https:\/\/www.jvp-krizevci.hr\/index.php?rest_route=\/wp\/v2\/users\/1"}],"replies":[{"embeddable":true,"href":"https:\/\/www.jvp-krizevci.hr\/index.php?rest_route=%2Fwp%2Fv2%2Fcomments&post=1373"}],"version-history":[{"count":2,"href":"https:\/\/www.jvp-krizevci.hr\/index.php?rest_route=\/wp\/v2\/pages\/1373\/revisions"}],"predecessor-version":[{"id":1384,"href":"https:\/\/www.jvp-krizevci.hr\/index.php?rest_route=\/wp\/v2\/pages\/1373\/revisions\/1384"}],"wp:attachment":[{"href":"https:\/\/www.jvp-krizevci.hr\/index.php?rest_route=%2Fwp%2Fv2%2Fmedia&parent=1373"}],"curies":[{"name":"wp","href":"https:\/\/api.w.org\/{rel}","templated":true}]}}