{"id":2000,"date":"2019-02-05T09:04:25","date_gmt":"2019-02-05T08:04:25","guid":{"rendered":"http:\/\/www.jvp-krizevci.hr\/?page_id=2000"},"modified":"2020-01-07T11:18:05","modified_gmt":"2020-01-07T10:18:05","slug":"intervencije-2019-godine","status":"publish","type":"page","link":"https:\/\/www.jvp-krizevci.hr\/?page_id=2000","title":{"rendered":"Intervencije 2019. godine"},"content":{"rendered":"\n<div class=\"wp-block-file\"><a href=\"https:\/\/www.jvp-krizevci.hr\/wp-content\/uploads\/2020\/01\/VATROGASNE-INTERVENCIJE-TIJEKOM-PROSINCA-2019.-NA-PP-KRI\u017dEVCI.pdf\">VATROGASNE INTERVENCIJE TIJEKOM PROSINCA 2019. NA PP KRI\u017dEVCI<\/a><a href=\"https:\/\/www.jvp-krizevci.hr\/wp-content\/uploads\/2020\/01\/VATROGASNE-INTERVENCIJE-TIJEKOM-PROSINCA-2019.-NA-PP-KRI\u017dEVCI.pdf\" class=\"wp-block-file__button\" download>Preuzmi<\/a><\/div>\n\n\n\n<div class=\"wp-block-file\"><a href=\"https:\/\/www.jvp-krizevci.hr\/wp-content\/uploads\/2020\/01\/VATROGASNE-INTERVENCIJE-TIJEKOM-SIJE\u010cNJA-PROSINCA-2019-GODINE-NA-PP-KRI\u017dEVCI.pdf\">VATROGASNE INTERVENCIJE TIJEKOM SIJE\u010cNJA-PROSINCA 2019 GODINE NA PP KRI\u017dEVCI<\/a><a href=\"https:\/\/www.jvp-krizevci.hr\/wp-content\/uploads\/2020\/01\/VATROGASNE-INTERVENCIJE-TIJEKOM-SIJE\u010cNJA-PROSINCA-2019-GODINE-NA-PP-KRI\u017dEVCI.pdf\" class=\"wp-block-file__button\" download>Preuzmi<\/a><\/div>\n\n\n\n<div class=\"wp-block-file\"><a href=\"https:\/\/www.jvp-krizevci.hr\/wp-content\/uploads\/2020\/01\/VATROGASNE-INTERVENCIJE-TIJEKOM-SIJE\u010cNJA-PROSINCA-2019.-GODINE-NA-KC-K\u017d-\u017dUPANIJI.pdf\">VATROGASNE INTERVENCIJE TIJEKOM SIJE\u010cNJA-PROSINCA 2019. GODINE NA KC-K\u017d \u017dUPANIJI<\/a><a href=\"https:\/\/www.jvp-krizevci.hr\/wp-content\/uploads\/2020\/01\/VATROGASNE-INTERVENCIJE-TIJEKOM-SIJE\u010cNJA-PROSINCA-2019.-GODINE-NA-KC-K\u017d-\u017dUPANIJI.pdf\" class=\"wp-block-file__button\" download>Preuzmi<\/a><\/div>\n","protected":false},"excerpt":{"rendered":"","protected":false},"author":1,"featured_media":0,"parent":0,"menu_order":0,"comment_status":"closed","ping_status":"closed","template":"","meta":{"ngg_post_thumbnail":0,"footnotes":""},"class_list":["post-2000","page","type-page","status-publish","hentry"],"_links":{"self":[{"href":"https:\/\/www.jvp-krizevci.hr\/index.php?rest_route=\/wp\/v2\/pages\/2000","targetHints":{"allow":["GET"]}}],"collection":[{"href":"https:\/\/www.jvp-krizevci.hr\/index.php?rest_route=\/wp\/v2\/pages"}],"about":[{"href":"https:\/\/www.jvp-krizevci.hr\/index.php?rest_route=\/wp\/v2\/types\/page"}],"author":[{"embeddable":true,"href":"https:\/\/www.jvp-krizevci.hr\/index.php?rest_route=\/wp\/v2\/users\/1"}],"replies":[{"embeddable":true,"href":"https:\/\/www.jvp-krizevci.hr\/index.php?rest_route=%2Fwp%2Fv2%2Fcomments&post=2000"}],"version-history":[{"count":14,"href":"https:\/\/www.jvp-krizevci.hr\/index.php?rest_route=\/wp\/v2\/pages\/2000\/revisions"}],"predecessor-version":[{"id":2188,"href":"https:\/\/www.jvp-krizevci.hr\/index.php?rest_route=\/wp\/v2\/pages\/2000\/revisions\/2188"}],"wp:attachment":[{"href":"https:\/\/www.jvp-krizevci.hr\/index.php?rest_route=%2Fwp%2Fv2%2Fmedia&parent=2000"}],"curies":[{"name":"wp","href":"https:\/\/api.w.org\/{rel}","templated":true}]}}