{"id":208,"date":"2012-11-16T20:42:06","date_gmt":"2012-11-16T20:42:06","guid":{"rendered":"http:\/\/www.jvp-krizevci.hr\/?page_id=208"},"modified":"2022-07-29T10:31:24","modified_gmt":"2022-07-29T09:31:24","slug":"kontakt-2","status":"publish","type":"page","link":"https:\/\/www.jvp-krizevci.hr\/?page_id=208","title":{"rendered":"KONTAKT"},"content":{"rendered":"<p>JAVNA VATROGASNA POSTROJBA GRADA KRI\u017dEVACA<\/p>\n<p>48260 KRI\u017dEVCI, Franje Ra\u010dkoga 18<\/p>\n<p>&nbsp;<\/p>\n<p>OIB: 36825320511&nbsp;&nbsp; &#8211;&nbsp;&nbsp;&nbsp; MB: 01480880<\/p>\n<p>\u017diro ra\u010dun: HR8624020061500085438<\/p>\n<p>&nbsp;<\/p>\n<p>Tel: 048 681 555 &#8211; centrala<\/p>\n<p>mail: jvpkrizevci@gmail.com<\/p>\n<p>&nbsp;<\/p>\n<p>Zapovjednik: Mario Martin\u010devi\u0107<\/p>\n<p>Mob: 091 609 9007<\/p>\n<p>Zamjenik zapovjednika: Marijan Sokoli\u0107<\/p>\n<p>Mob: 091 251 4530<\/p>\n\n\n<p> <\/p>\n","protected":false},"excerpt":{"rendered":"<p>JAVNA VATROGASNA POSTROJBA GRADA KRI\u017dEVACA 48260 KRI\u017dEVCI, Franje Ra\u010dkoga 18 &nbsp; OIB: 36825320511&nbsp;&nbsp; &#8211;&nbsp;&nbsp;&nbsp; MB: 01480880 \u017diro ra\u010dun: HR8624020061500085438 &nbsp; Tel: 048 681 555 &#8211; centrala mail: jvpkrizevci@gmail.com &nbsp; Zapovjednik: Mario Martin\u010devi\u0107 Mob: 091 609 9007 Zamjenik zapovjednika: Marijan Sokoli\u0107 &hellip; <a href=\"https:\/\/www.jvp-krizevci.hr\/?page_id=208\">Nastavi \u010ditati <span class=\"meta-nav\">&rarr;<\/span><\/a><\/p>\n","protected":false},"author":1,"featured_media":0,"parent":0,"menu_order":0,"comment_status":"closed","ping_status":"closed","template":"onecolumn-page.php","meta":{"ngg_post_thumbnail":0,"footnotes":""},"class_list":["post-208","page","type-page","status-publish","hentry"],"_links":{"self":[{"href":"https:\/\/www.jvp-krizevci.hr\/index.php?rest_route=\/wp\/v2\/pages\/208","targetHints":{"allow":["GET"]}}],"collection":[{"href":"https:\/\/www.jvp-krizevci.hr\/index.php?rest_route=\/wp\/v2\/pages"}],"about":[{"href":"https:\/\/www.jvp-krizevci.hr\/index.php?rest_route=\/wp\/v2\/types\/page"}],"author":[{"embeddable":true,"href":"https:\/\/www.jvp-krizevci.hr\/index.php?rest_route=\/wp\/v2\/users\/1"}],"replies":[{"embeddable":true,"href":"https:\/\/www.jvp-krizevci.hr\/index.php?rest_route=%2Fwp%2Fv2%2Fcomments&post=208"}],"version-history":[{"count":21,"href":"https:\/\/www.jvp-krizevci.hr\/index.php?rest_route=\/wp\/v2\/pages\/208\/revisions"}],"predecessor-version":[{"id":2513,"href":"https:\/\/www.jvp-krizevci.hr\/index.php?rest_route=\/wp\/v2\/pages\/208\/revisions\/2513"}],"wp:attachment":[{"href":"https:\/\/www.jvp-krizevci.hr\/index.php?rest_route=%2Fwp%2Fv2%2Fmedia&parent=208"}],"curies":[{"name":"wp","href":"https:\/\/api.w.org\/{rel}","templated":true}]}}