{"id":2720,"date":"2024-09-02T07:33:12","date_gmt":"2024-09-02T06:33:12","guid":{"rendered":"https:\/\/www.jvp-krizevci.hr\/?page_id=2720"},"modified":"2025-02-05T11:36:42","modified_gmt":"2025-02-05T10:36:42","slug":"financijsko-izvjesce-za-2024-godinu","status":"publish","type":"page","link":"https:\/\/www.jvp-krizevci.hr\/?page_id=2720","title":{"rendered":"FINANCIJSKO IZVJE\u0160\u0106E ZA 2024. godinu"},"content":{"rendered":"<p><a href=\"https:\/\/www.jvp-krizevci.hr\/wp-content\/uploads\/2024\/09\/Polugodisnje-izvjesce-o-realizaciji-finan.plana-i-programa-rada24-novo.doc\">Polugodi\u0161nje izvje\u0161\u0107e o realizaciji financijskog plana i programa rada za 2024. godinu<\/a><\/p>\n<p><a href=\"https:\/\/www.jvp-krizevci.hr\/wp-content\/uploads\/2024\/09\/1.-rebalans-2024-izvjesce-sa-obrazlozenjem.docx\">1. rebalans 2024. godine-izvje\u0161\u0107e sa obrazlo\u017eenjem<\/a><\/p>\n<p><a href=\"https:\/\/www.jvp-krizevci.hr\/wp-content\/uploads\/2025\/02\/Biljeske-uz-financijske-izvjestaje-2024.doc\">Bilje\u0161ke uz financijske izvje\u0161taje 2024<\/a><\/p>\n<p><a href=\"https:\/\/www.jvp-krizevci.hr\/wp-content\/uploads\/2025\/02\/Obrasci_financijskih_izvjestaja_v_8.1.5.xlsx\">Obrasci financijskih izvje\u0161taja<\/a><\/p>\n<p>&nbsp;<\/p>\n","protected":false},"excerpt":{"rendered":"<p>Polugodi\u0161nje izvje\u0161\u0107e o realizaciji financijskog plana i programa rada za 2024. godinu 1. rebalans 2024. godine-izvje\u0161\u0107e sa obrazlo\u017eenjem Bilje\u0161ke uz financijske izvje\u0161taje 2024 Obrasci financijskih izvje\u0161taja &nbsp;<\/p>\n","protected":false},"author":1,"featured_media":0,"parent":0,"menu_order":0,"comment_status":"closed","ping_status":"closed","template":"","meta":{"ngg_post_thumbnail":0,"footnotes":""},"class_list":["post-2720","page","type-page","status-publish","hentry"],"_links":{"self":[{"href":"https:\/\/www.jvp-krizevci.hr\/index.php?rest_route=\/wp\/v2\/pages\/2720","targetHints":{"allow":["GET"]}}],"collection":[{"href":"https:\/\/www.jvp-krizevci.hr\/index.php?rest_route=\/wp\/v2\/pages"}],"about":[{"href":"https:\/\/www.jvp-krizevci.hr\/index.php?rest_route=\/wp\/v2\/types\/page"}],"author":[{"embeddable":true,"href":"https:\/\/www.jvp-krizevci.hr\/index.php?rest_route=\/wp\/v2\/users\/1"}],"replies":[{"embeddable":true,"href":"https:\/\/www.jvp-krizevci.hr\/index.php?rest_route=%2Fwp%2Fv2%2Fcomments&post=2720"}],"version-history":[{"count":4,"href":"https:\/\/www.jvp-krizevci.hr\/index.php?rest_route=\/wp\/v2\/pages\/2720\/revisions"}],"predecessor-version":[{"id":2749,"href":"https:\/\/www.jvp-krizevci.hr\/index.php?rest_route=\/wp\/v2\/pages\/2720\/revisions\/2749"}],"wp:attachment":[{"href":"https:\/\/www.jvp-krizevci.hr\/index.php?rest_route=%2Fwp%2Fv2%2Fmedia&parent=2720"}],"curies":[{"name":"wp","href":"https:\/\/api.w.org\/{rel}","templated":true}]}}